hat is the units digit of b?
9
Let a be 84 + (1 - 4) - -4. Suppose 0 = -5*c - 3*y - 0 + a, -3*c + 51 = y. What is the tens digit of c?
1
What is the hundreds digit of (12/(-8))/((-30)/(-14360))*-1?
7
Let z(l) = -l**3 - 15*l**2 - 12*l - 2. Let j be z(-15). Let b = -114 + j. What is the units digit of b?
4
Let h = 30 - 25. What is the tens digit of 116 - (-5 + 15/h)?
1
Let p(f) = -f**2 + 8*f + 5. Let h be p(8). Suppose -85 = -4*y - h. What is the tens digit of y?
2
What is the units digit of (1*1123)/(7*(-13)/(-91))?
3
Let v(w) = -9 - 4*w - 3 + 5*w + w**2 + w. What is the units digit of v(8)?
8
Suppose -13*g + 563 = -74. Suppose -3*k - 10 = -u + 71, 4*u = 4*k + 340. Suppose 2 = t, 0 = -5*f + 2*t + u + g. What is the units digit of f?
8
Let v = 588 + -245. Let d = -150 + v. What is the tens digit of d?
9
Suppose 6*k + k = -42. What is the units digit of (12/(-10))/(k/80)?
6
Suppose 6*a = a + 255. Let j = a - -1. What is the units digit of j?
2
Let i = -31 + 33. Suppose i*g - 150 = -g. What is the units digit of g?
0
Let s(b) = 17*b**2 + 4*b + 6. What is the units digit of s(13)?
1
Let v(m) = -193*m - 3. Let i be v(-1). Suppose i = 2*g - 2*s, -4*g - 3*s - 106 = -486. What is the units digit of g?
5
Suppose 3*m = -5*q + 80, q = 4*q - m - 34. Suppose 0 = 4*r - 4*t + 76 + 16, 3*r - t + 63 = 0. Let i = q - r. What is the tens digit of i?
3
Let p be 15*5/((-50)/4). Let n be (-23)/p - (-2)/12. Suppose 0*h = -5*a + 2*h + 199, 0 = -4*a - n*h + 148. What is the units digit of a?
9
Let m be ((0/(-2))/(-3))/(-3). Suppose 5*o + 15 + 31 = t, -5*t + 2*o + 299 = m. What is the tens digit of t?
6
Suppose -v = -5*h - 20, -5*h = -v - 2*v + 10. Let w be (43 + 1)/(h/(-5)). Let m = w + -25. What is the units digit of m?
9
Suppose 2*t + 8 = 104. Suppose -l = -6*l - 15, d - l = t. What is the tens digit of d?
4
Let w = -351 + 1004. What is the tens digit of w?
5
Let o be 2/(-3) - 11/(-3). Suppose 0 = -4*h + 272 + 352. Suppose 0 = -o*u - u + h. What is the units digit of u?
9
Let z = 299 - -349. What is the units digit of z?
8
Suppose 0 = -5*l - 203 - 27. What is the tens digit of l/8 - -5 - (-175)/4?
4
Let q(z) = 18*z + 9. Let v(f) = -f. Let t(g) = q(g) + 2*v(g). Let d(b) = -8*b - 4. Let a(r) = -5*d(r) - 2*t(r). What is the tens digit of a(2)?
1
Let c(f) = -f**2 + 7*f - 9. Let k be c(6). What is the units digit of (-1)/(2/(-20)) - k?
3
Suppose 2760 = 5*c - 216*t + 211*t, 2*t + 2210 = 4*c. What is the tens digit of c?
5
Let i = -1446 + 1682. What is the units digit of i?
6
Let h(d) = -217*d**3 + 4*d**2 + 5*d - 3. Let c be h(-2). Suppose 0 = 12*b - 73 - c. What is the hundreds digit of b?
1
Let i be 15/(-3)*-1 + 2. Suppose 2*j = -t - 4*t + 22, j = 2*t - i. Suppose -s = t*s - 125. What is the tens digit of s?
2
Let m(b) = -7*b**2 + b + 6. Let a be m(-3). What is the hundreds digit of a/(-140) - (-830)/7?
1
Suppose u - 4*v + 118 = 488, 2*v - 1570 = -4*u. What is the units digit of u?
0
Let k be 1 + 2 + (8 - 9). Suppose -l - o + 163 = 0, 0 = -2*l + l + k*o + 178. What is the tens digit of l?
6
What is the units digit of 6/(-8) + (-7224)/(-32)?
5
Suppose -3*d - 24 = 3*d. Let n = d - -4. What is the tens digit of (2 + -3)*n + 56?
5
Let p(n) = -n**2 - 25*n + 71. Let f be p(-27). Suppose -10*x = -f*x + 987. What is the units digit of x?
1
Let k(q) = -q - 8. Let r(o) = -2*o - 7. Suppose 3*b - 11 = -4*v, -v = 4*b - 0*v + 7. Let y(m) = b*k(m) + 2*r(m). What is the units digit of y(8)?
2
Let n = -4 - -6. Suppose -4*a - 4*v = -16, -5*a + 19 = 2*v + n*v. What is the units digit of a?
3
Let j = -86 + 84. What is the tens digit of (j/(-5))/(8/(-3240))*-1?
6
Let w(d) = d**3 + 54*d**2 + 186*d + 107. What is the tens digit of w(-50)?
0
Let x(l) = 4*l**3 - l**2 + l + 1. Let p be x(-1). Let h(c) = -c**2 - 8*c - 16. Let q be h(p). What is the units digit of -7 + 35 + 3/q?
5
Let j be 4/(-12) - (-75)/9. Suppose -6*x = -2*x - j. Suppose 2*o = -x*o + 4. What is the units digit of o?
1
Let h(u) = -97*u - 177. What is the units digit of h(-2)?
7
Suppose -5*i = -2*b - 12, 5*b = 8*i - 4*i + 4. What is the units digit of (b - (-4 - 64))*1?
2
Let h(q) = 132*q + 119. What is the units digit of h(3)?
5
Suppose -4*p = 2 - 18. What is the tens digit of -1*4432/(-20) + p/10?
2
What is the units digit of (100/(-8))/(11/(-506))?
5
What is the tens digit of (-4377)/(-8) - ((-20)/(-2))/80?
4
Let j(h) = -32*h - 10. Let t be j(-14). Let a = -306 + t. What is the units digit of a?
2
Suppose -3*p = -8*p - 5*b, 14 = 3*p - 4*b. Suppose -3*q + 84 = -3*i, p*q - i - 4*i - 53 = 0. What is the tens digit of q?
2
Suppose 3*f + 9 = -3*g, 5*g + f = -2*f - 5. Suppose -g*h = -30 - 52. What is the tens digit of h?
4
What is the units digit of 12/(-9)*(3124/(-8) - -5)?
4
Suppose -12*f = -8*f - 12. Suppose f - 5 = -2*o, -59 = -q + 4*o. What is the units digit of q?
3
Let v = 30 - -40. What is the hundreds digit of (16/5 - 0)/(1/v)?
2
Let w be 177/12 - (-4)/16. Suppose -p + w = v + 71, -p + 4*v = 46. What is the tens digit of 9/p - (-482)/12?
4
Let a(v) = 3*v**2 + 3*v + 5. Suppose 0 = f + 5, -2*t + 27 = t - 3*f. What is the units digit of a(t)?
5
Let s(k) = -93*k**3 - 2*k - 3. What is the tens digit of s(-1)?
9
Let l be (-16)/12*(-18)/3. Suppose 0 = g - l*g. Suppose 12*m - 7*m - 260 = g. What is the units digit of m?
2
What is the units digit of (-7 + (-180)/(-27))*-2697?
9
Suppose -19800 = -40*g - 70*g. What is the units digit of g?
0
Let t be ((-5)/10)/(2/(-24)). Let s(i) = 0*i**3 - 2 - i**3 + 12*i**2 + 3*i - 6*i**2. What is the tens digit of s(t)?
1
Let m(b) = b**2 + 11*b - 3. Let l be m(-15). Suppose 96 = 2*z - 4*q, 0 = -2*z - q + 4*q + 101. Suppose -5*o = -z - l. What is the tens digit of o?
2
Suppose -123*c + 4725 = -116*c. What is the hundreds digit of c?
6
What is the units digit of 147 - (0 - 0*(-1)/(-4))?
7
Let r(n) = 14*n + 4. What is the hundreds digit of r(20)?
2
Let o be (-7)/42 - 106/12. Let r(q) = -q**3 - 8*q**2 + 4*q + 6. What is the tens digit of r(o)?
5
Let d = 366 + -366. Let r be 46/14 + 2/(-7). Suppose -3*t + d*t = 6, r*t = o - 74. What is the units digit of o?
8
Suppose 2*q + 2*q = 0. Suppose 3*w - 55 = -m, 5*w + 95 = 3*m - q*m. What is the units digit of m?
0
Let d(v) = -v + 11. Let n be -5 + 4 - (-1 - 6). Let f be d(n). Suppose m + f*k + 5 = 0, 0 = -3*m + 7*m - 5*k - 30. What is the units digit of m?
5
Let w(o) = -o**2 + 5*o - 4. Let j be w(3). Suppose 11*x - 234 = j*x. What is the tens digit of x?
2
Let q = 1855 - 1116. What is the hundreds digit of q?
7
Suppose 3*t + t - 16 = 0. Suppose -5*c - t*y + 2*y = 8, -4*c - 4*y = 4. What is the units digit of (-3 - -2)*c*13?
6
Let u = 3051 + -1890. What is the tens digit of u?
6
Let c = -246 + 478. Let u = -80 + c. What is the units digit of u?
2
Let i = -107 - -9. Let z = 156 + i. What is the tens digit of z?
5
Let n be 10/20*(-20)/(-2). Suppose 3*l = n*l - 106. What is the units digit of l?
3
Let d = 62 - 26. Let f = d - 23. Let a = f - 7. What is the units digit of a?
6
Let o(q) = -6*q + 5*q + 7*q + 51. What is the tens digit of o(26)?
0
Let u(h) = h**3 + 4*h**2 + 4*h - 12. What is the hundreds digit of u(5)?
2
Suppose 4944 - 13876 = -11*u. What is the units digit of u?
2
Let a = 5 - 41. Let k = a + 73. What is the tens digit of k?
3
Suppose 76*n + 21861 = 83*n. What is the tens digit of n?
2
Let u = -4 - -9. Suppose k + u*p = 25, -5*k + k + 4*p - 20 = 0. Suppose -5*b = -2*v - k*b + 90, 5*v = -4*b + 159. What is the units digit of v?
5
Let h(w) = -w**2 + 2*w - 204. Let l be h(0). Let v = l + 291. What is the units digit of v?
7
Let q be (-1)/(1/(-189)*3). Suppose 0*f = f - 2*x - 29, x = -2*f + q. What is the tens digit of f?
3
Suppose -98 = -2*z + 2*b, -5*z - 2*b + 119 = -140. What is the units digit of z?
1
Let n(t) = -t**2 + 2*t - 3. Let f be n(5). Let s be (-438)/(-4)*f/27. Let v = -42 - s. What is the units digit of v?
1
Suppose 0 = -2*c + 13 - 67. Let x be c/(3 + -6) + 2. Suppose -19 = -3*w + 2*k + x, -2*k + 6 = 0. What is the tens digit of w?
1
Let c = 11 + 10. Suppose -19 = -4*u - k + 2*k, c = 3*u - 3*k. What is the units digit of u?
4
Suppose -4 = -3*h - h. Suppose 0 = -b - 3*s - 6, 3*b = 5*s + 23 + h. Suppose 16 = -b*p + 55. What is the tens digit of p?
1
Let f(j) = -6*j + 41. Let x be f(6). Suppose -3*o + o = -x*c + 928, 0 = -3*c + 4*o + 568. Wh